me factors of 2283393249?
3, 253710361
List the prime factors of 3522822974.
2, 11, 53, 587, 5147
List the prime factors of 441978640.
2, 5, 647, 8539
List the prime factors of 5971392.
2, 3, 7, 1481
What are the prime factors of 1253461673?
19, 182747
List the prime factors of 105803133.
3, 151, 311, 751
What are the prime factors of 430566838?
2, 13, 101, 113, 1451
List the prime factors of 2880897377.
21649, 133073
List the prime factors of 544890187.
3319, 164173
What are the prime factors of 2432663985?
3, 5, 29, 79, 2441
List the prime factors of 929191117.
17, 29, 31, 163, 373
What are the prime factors of 5885497858?
2, 29, 101474101
What are the prime factors of 286477451?
13, 3271, 6737
What are the prime factors of 192513533?
12479, 15427
List the prime factors of 1378560513.
3, 11, 3499, 11939
List the prime factors of 184653520.
2, 5, 2308169
What are the prime factors of 210146527?
491, 427997
List the prime factors of 2709623.
7, 387089
What are the prime factors of 2003859603?
3, 29, 7677623
List the prime factors of 340964587.
43, 101, 78509
What are the prime factors of 88011087?
3, 23, 1275523
What are the prime factors of 2200665490?
2, 5, 47, 4682267
List the prime factors of 21269071.
127, 223, 751
List the prime factors of 62176050.
2, 3, 5, 233, 593
What are the prime factors of 636524225?
5, 19, 70529
What are the prime factors of 1974607868?
2, 17, 23, 31, 139, 293
List the prime factors of 742471092.
2, 3, 11, 263, 7129
What are the prime factors of 1048512445?
5, 139, 1508651
What are the prime factors of 1727333663?
11, 157030333
What are the prime factors of 913607241?
3, 304535747
What are the prime factors of 2736737?
2736737
What are the prime factors of 83382946?
2, 29, 97, 14821
List the prime factors of 34547861.
1571, 21991
List the prime factors of 193966453.
59, 3287567
What are the prime factors of 3535714741?
13, 107, 195527
What are the prime factors of 123727137?
3, 29, 479, 2969
List the prime factors of 2764661953.
421, 6566893
What are the prime factors of 241316536?
2, 157, 229, 839
List the prime factors of 126313553.
17, 7430209
List the prime factors of 7003358566.
2, 3501679283
List the prime factors of 6723890.
2, 5, 509, 1321
List the prime factors of 45597581.
45597581
List the prime factors of 11196589.
109, 139, 739
List the prime factors of 937372429.
7, 19, 23, 306431
What are the prime factors of 2162527592?
2, 61, 149, 29741
What are the prime factors of 173541003?
3, 19, 23, 6967
List the prime factors of 92177596.
2, 7, 71, 199, 233
List the prime factors of 567252849.
3, 31, 6099493
What are the prime factors of 2310196981?
23, 7001, 14347
What are the prime factors of 1403666746?
2, 577, 1216349
What are the prime factors of 5168375626?
2, 43, 6563, 9157
List the prime factors of 339364217.
17, 197, 101333
What are the prime factors of 651470588?
2, 162867647
What are the prime factors of 37555456?
2, 146701
What are the prime factors of 496431478?
2, 248215739
List the prime factors of 62999360.
2, 5, 196873
List the prime factors of 34597596.
2, 3, 11, 262103
List the prime factors of 219643434.
2, 3, 17, 239263
List the prime factors of 486708069.
3, 127, 1277449
List the prime factors of 101592833.
17, 5976049
What are the prime factors of 120642620?
2, 5, 7, 861733
What are the prime factors of 34681184?
2, 61, 109, 163
List the prime factors of 22597937.
23, 277, 3547
What are the prime factors of 128178077?
4349, 29473
List the prime factors of 1908571855.
5, 23, 991, 16747
List the prime factors of 4697408840.
2, 5, 117435221
What are the prime factors of 145284079?
10607, 13697
List the prime factors of 8676681.
3, 13, 17, 23, 569
What are the prime factors of 3987079596?
2, 3, 37, 2993303
What are the prime factors of 293184112?
2, 13, 31, 41, 1109
What are the prime factors of 359105044?
2, 4177, 21493
List the prime factors of 44440194.
2, 3, 7406699
What are the prime factors of 204656145?
3, 5, 13643743
What are the prime factors of 373106308?
2, 4363, 21379
What are the prime factors of 269629810?
2, 5, 1871, 14411
List the prime factors of 2847639030.
2, 3, 5, 733, 129497
What are the prime factors of 333168452?
2, 83292113
What are the prime factors of 714254479?
19, 2957, 12713
What are the prime factors of 267882817?
23, 67, 131, 1327
List the prime factors of 41015892.
2, 3, 827, 4133
List the prime factors of 489567084.
2, 3, 40797257
What are the prime factors of 4224108080?
2, 5, 47, 71, 15823
What are the prime factors of 356669409?
3, 7607, 15629
List the prime factors of 255836021.
7, 36548003
List the prime factors of 504998714.
2, 11, 137, 1223
List the prime factors of 46849452.
2, 3, 13, 300317
List the prime factors of 114368891.
7, 13, 1973
What are the prime factors of 51692999?
51692999
List the prime factors of 3643086012.
2, 3, 23, 593, 22259
List the prime factors of 24258482.
2, 2609, 4649
List the prime factors of 732207543.
3, 479, 503, 1013
List the prime factors of 197585155.
5, 4801, 8231
What are the prime factors of 2063178872?
2, 43, 5997613
What are the prime factors of 118143727?
13, 17, 283, 1889
What are the prime factors of 1218056359?
13, 263, 356261
List the prime factors of 24921167.
17, 23, 63737
List the prime factors of 6353090406.
2, 3, 13, 23, 619, 1907
What are the prime factors of 48847355?
5, 43, 67, 3391
List the prime factors of 1655681390.
2, 5, 11, 1019, 14771
What are the prime factors of 32304579?
3, 19, 29, 19543
List the prime factors of 1810582684.
2, 137, 349, 9467
What are the prime factors of 1056912089?
1056912089
What are the prime factors of 78604244?
2, 103, 190787
List the prime factors of 474877503.
3, 547, 96461
What are the prime factors of 115847456?
2, 461, 7853
What are the prime factors of 1009078535?
5, 201815707
List the prime factors of 128246900.
2, 5, 1282469
What are the prime factors of 64584458?
2, 19, 83, 20477
What are the prime factors of 512770146?
2, 3, 7, 12208813
List the prime factors of 1048101995.
5, 43, 191, 25523
List the prime factors of 285327871.
727, 392473
What are the prime factors of 216831753?
3, 17, 29, 48869
What are the prime factors of 42085859?
521, 80779
List the prime factors of 407444094.
2, 3, 19, 6967
What are the prime factors of 44912684?
2, 11228171
List the prime factors of 199919201.
17, 547, 21499
What are the prime factors of 93233881?
13, 23, 163, 1913
What are the prime factors of 1547906305?
5, 11, 101, 278651
What are the prime factors of 76045166?
2, 38022583
List the prime factors of 57227588.
2, 11, 23, 193, 293
List the prime factors of 427684528.
2, 19, 1406857
List the prime factors of 290242509.
3, 96747503
What are the prime factors of 3187792183?
3187792183
What are the prime factors of 50328239?
13, 59, 65617
What are the prime factors of 51537423?
3, 7, 859, 2857
List the prime factors of 2209335871.
157, 14072203
List the prime factors of 10109367.
3, 137, 911
List the prime factors of 374159310.
2, 3, 5, 7, 73, 24407
List the prime factors of 82228273.
3769, 21817
What are the prime factors of 105687048?
2, 3, 4403627
List the prime factors of 228215128.
2, 28526891
What are the prime factors of 305740229?
19, 67, 240173
What are the prime factors of 132272212?
2, 33068053
List the prime factors of 159841162.
2, 13, 6147737
What are the prime factors of 4641359365?
5, 37, 25088429
What are the prime factors of 253205957?
4933, 51329
List the prime factors of 96798519.
3, 2503, 4297
What are the prime factors of 229800796?
2, 57450199
What are the prime factors of 368678695?
5, 7, 11, 19543
What are the prime factors of 62156237?
11, 13, 434659
List the prime factors of 25116521.
25116521
List the prime factors of 70145903.
70145903
List the prime factors of 22326766.
2, 7, 11, 113, 1283
What are the prime factors of 35861115?
3, 5, 113, 21157
What are the prime factors of 5467890806?
2, 7, 277, 1409977
What are the prime factors of 146629667?
103, 1423589
List the prime factors of 2526536809.
41, 2087, 29527
What are the prime factors of 1033139566?
2, 41, 839, 15017
List the prime factors of 1728724746.
2, 3, 7, 41160113
What are the prime factors of 79361405?
5, 53, 299477
What are the prime factors of 394542932?
2, 7, 197, 7152